n + 2*n = 2*k - 187, 0 = -l*k + n + 157. What is the remainder when k is divided by o?
18
What is the remainder when (1/(-2)*-164)/((-6)/(-3)) is divided by 12?
5
Let s be -2*8/((-12)/3). Suppose -4*x + 2*x + 10 = 0. What is the remainder when x is divided by (1 - s)/(-3) - -2?
2
Let l = 65 + -34. Suppose -689*k + 663*k = -3926. Calculate the remainder when k is divided by l.
27
Suppose -2*w + 2*f - 1 = -3, -2 = f. Let g(t) = -10*t - 2. What is the remainder when 21 is divided by g(w)?
5
What is the remainder when ((-16128)/(-80))/(-14)*70/(-4) is divided by 51?
48
Calculate the remainder when 173 is divided by (-1 - (-4)/6)/(18/(-378)).
5
Let z = -226 - -282. What is the remainder when 275 is divided by z?
51
Let x = -22 - -24. Suppose 5*z = 5*m - 2*m - 287, -162 = -x*m - 4*z. What is the remainder when m is divided by 18?
17
Calculate the remainder when 37 is divided by (-18)/(-1) - (19 + -12).
4
Let n(g) = -2*g. Suppose 6*p = 2*p + 5*l + 2, 2*p + l + 6 = 0. Calculate the remainder when 21 is divided by n(p).
1
Suppose -u - 3*r + 12 = r, -u + 11 = 5*r. Let o(m) = -m**2 + 9*m + 20*m - 3*m**2 + 24 + 2*m**2. What is the remainder when u is divided by o(15)?
7
Suppose s = -8 - 0. What is the remainder when 202 is divided by 1/(-2) - 332/s?
38
Let l be (-2 - -2)/(1/1). Suppose l = 2*n + n - 33. Let r(h) = -16*h - 2. Calculate the remainder when r(-2) is divided by n.
8
Suppose -5*g + 8*f - 9*f + 521 = 0, 5*f = 3*g - 335. What is the remainder when g is divided by 36?
33
Let f = -350 + 356. What is the remainder when 9 is divided by f?
3
Let x(v) = 41*v**3 - v**2 + v. Let q(f) = -11. Let y(j) = -j + 1. Let m(n) = q(n) - 2*y(n). Let i be m(7). What is the remainder when x(i) is divided by 11?
8
Suppose -d = -4*a - 611 + 2547, 2*a - 990 = -5*d. Calculate the remainder when a is divided by 61.
58
Suppose -3*q = 2*p + 68 - 97, 4*q + p - 47 = 0. Let v = -10 + 14. Suppose 3*n - 210 = -v*l, -4*n + 38 = l - 21. Calculate the remainder when l is divided by q.
12
Calculate the remainder when 310 is divided by ((630/4)/(-5))/(8/(-16)).
58
Let t = 593 - 401. Calculate the remainder when t is divided by 15.
12
Suppose 2*l + 2*s - 10 = 6, 2*s - 22 = -3*l. Suppose 0 = -310*h + 345*h - 315. Calculate the remainder when h is divided by l.
3
What is the remainder when 187 is divided by 756/8 + (4 - 63/14)?
93
Let t(j) = j**3 + 32*j**2 + 48*j - 138. What is the remainder when t(-23) is divided by 110?
109
Let w(l) = -2*l**3 - 4*l**2 - 6*l - 2. Let k = -52 - -50. What is the remainder when 87 is divided by w(k)?
7
Let z = 36 - 46. Suppose q - 21 = 3*r - r, -5*r - 80 = 3*q. Let g = z - r. Calculate the remainder when 8 is divided by g.
2
Let b(n) = 22*n**3 - 15*n**2 - 2*n + 4. Calculate the remainder when b(2) is divided by 33.
17
Let s be 2/11 + 2592/(-99). Let u = s + 35. Let y(o) = o**3 - 9*o**2 + 8*o - 6. Calculate the remainder when y(u) is divided by 23.
20
Let y = 463 - 910. What is the remainder when y/(-5) - 18/(-30) is divided by 23?
21
Calculate the remainder when 150 is divided by (1 - 39)*3*(-1)/3.
36
Let j(a) = a + 23. Calculate the remainder when 150 is divided by j(-6).
14
Calculate the remainder when ((-48)/(-120))/((-10)/(-8975)) is divided by 9.
8
Let b = -260 - -319. Calculate the remainder when b is divided by 11.
4
Suppose 2*h + x - 2 = -0, 3*x = -4*h + 2. What is the remainder when (2 - 0)*(-228*h)/(-6) is divided by 22?
20
Suppose 0 = -2*g + 3*g + 35. Let x = -37 + 12. Let a = x - g. What is the remainder when 37 is divided by a?
7
Let t be 1 - (-3)/(-9) - 14/(-6). Suppose 0 = -n + 2*q + 31, 3*q + 95 = t*n + 8. Suppose 26 + 4 = 3*k. What is the remainder when n is divided by k?
7
Let r = 129 + -32. Let z(x) = 845*x - 812. Calculate the remainder when r is divided by z(1).
31
Let o(f) = f**2 - 14*f - 8. Let a be o(-11). Suppose 3*s - a = 171. What is the remainder when s is divided by 30?
26
Suppose -2*w + 12 = 2*u, 7 + 15 = 4*u + 5*w. Let q(b) = b**3 - 7*b**2 - 8*b + 13. Let l = 9 + -6. What is the remainder when q(u) is divided by l?
1
Let t be 3/1*48/72. Suppose 0 = 4*c + v + t*v - 69, 0 = -3*c + v + 55. What is the remainder when 51 is divided by c?
15
Calculate the remainder when (-4)/(-6)*(-253011)/(-41) is divided by 14.
12
Suppose 10*q - 7*q - 15 = 0. Suppose 753 + 82 = q*v. What is the remainder when v is divided by 42?
41
Let c = -106 - -53. Let b = -35 - c. Calculate the remainder when b is divided by ((-1)/2)/((-2)/28).
4
Suppose 4*x = -3*b + 88, x - 4*b - b = 45. Suppose -91 = -5*h + 269. What is the remainder when h is divided by x?
22
Let j = 2 + 10. Let o = -2019 + 2077. Calculate the remainder when o is divided by j.
10
Suppose 3*j + j - 2*b = 2, -4*j + 5*b - 7 = 0. Suppose 2*k = -5*q + 28, j*k - 4*q - 2 = 26. What is the remainder when 38 is divided by k?
10
What is the remainder when ((-30)/(-6) - (-870)/5)/1 is divided by 20?
19
Let v = -269 - -186. Let h = v - -84. Calculate the remainder when ((-3)/2)/((-1)/2) is divided by h.
0
Let h(b) = -b**3 + 33*b**2 + 32*b + 135. What is the remainder when 122 is divided by h(34)?
55
Let h(c) be the third derivative of -c**5/60 + 3*c**3 - c**2. Let y = 801 - 801. What is the remainder when 52 is divided by h(y)?
16
Let k = -787 + 803. What is the remainder when 316 is divided by k?
12
Let z = 55 - -135. Calculate the remainder when z is divided by 16.
14
Let x = 2 + 1. Suppose d = -x*d. Suppose d*a - 2*j = -2*a + 24, 2*a - 18 = -j. Calculate the remainder when 35 is divided by a.
5
Let o be (-1 - -2)*(-2 - -7). Suppose -o*c + 3*b = -609, -3*b = -c - c + 249. Suppose 2*r - c = -0. What is the remainder when r is divided by 16?
12
Suppose -n + 28 + 34 = 0. Calculate the remainder when n is divided by 7599/596 + (-2*1)/(-8).
10
Suppose 2*y + 2*b - 2 = -2*b, 5*b + 3 = 3*y. What is the remainder when 33 is divided by 5*-2*(2/(-1) + y)?
3
Let f = -32 + 38. Suppose -4*c - 4*l = -f*l - 160, 206 = 5*c - l. Calculate the remainder when c is divided by 11.
9
Suppose -25*z = -198 - 302. Calculate the remainder when 76 is divided by z.
16
Let x(h) = -h**3 - 2*h**2 + 3*h. Let m be x(-4). Suppose m - 8 = k. What is the remainder when 40 is divided by (7/4)/1*k?
19
Suppose -7*b + 540 = -b. Suppose 3*a - 6 = 0, s + 5*a + 3 = 18. Calculate the remainder when 1/(5/b) - -1 is divided by s.
4
Let h = 92 - 90. Calculate the remainder when 23 is divided by 12/(h - 2 - (2 - 3)).
11
Let i = 321 - 248. What is the remainder when i is divided by 5?
3
Let p(v) be the second derivative of -v**3/3 + 4*v**2 + 5*v. Let k = 53 - 23. Calculate the remainder when k is divided by p(-4).
14
Let i be -1 - 9/(-3) - -2. Suppose -5*z - 2*n = -6*n + 1375, -i*z + 3*n = 1101. Calculate the remainder when 50 is divided by z/(-21) + 4/(-14).
11
Let z(w) = -24*w - 12. Let q(n) = n + 1. Let h(t) = -6*q(t) - z(t). Calculate the remainder when h(2) is divided by 15.
12
Calculate the remainder when 2/(-7) + (-254)/(-7) is divided by (-62)/(-6) - (-40)/60.
3
Suppose -5*t + 396 = 161. What is the remainder when 653 is divided by t?
42
Let c(j) = j**3 - 3*j**2 - 12*j - 2. Let k be c(5). Calculate the remainder when (k/(-1))/((-8)/(-52)) is divided by 27.
24
Let b(m) = -m**3 + 76*m**2 + 3*m - 14. What is the remainder when b(76) is divided by 36?
34
Suppose -6*x + 3*x = -4*y - 35, -5*y = -3*x + 40. Calculate the remainder when 113 is divided by x.
3
Let j = -274 + 360. Calculate the remainder when 168 is divided by j.
82
Let n = -539 + 565. Calculate the remainder when 143 is divided by n.
13
What is the remainder when 51 is divided by (-6)/(-3) + (13 - -21)?
15
Let w(l) = -l**2 - 4*l. Let b be w(-3). Let i(u) = u**2 + 7*u - 11. Calculate the remainder when (-2 - b - -2)*-4 is divided by i(-9).
5
Suppose -4*g - 5*q + 448 = -3*q, -112 = -g + 3*q. Suppose -c + 9*c = g. Calculate the remainder when 40 is divided by c.
12
Let m = -12 - -15. Let k be (-3 + m)*5/10. Suppose -3*p + p + 2 = k. What is the remainder when 2 is divided by p?
0
Suppose -4*t = -21*t + 629. What is the remainder when 220 is divided by t?
35
Let v = 434 - 402. What is the remainder when 604 is divided by v?
28
Let r = 91 + -63. Let b = -26 + r. What is the remainder when 2 is divided by b?
0
Suppose 3*h - h - 42 = 0. Let y = -15 + h. Suppose 2*q - 4 = 16. Calculate